{"id":7608,"date":"2025-07-31T08:22:38","date_gmt":"2025-07-31T08:22:38","guid":{"rendered":"https:\/\/donodare.com\/?page_id=7608"},"modified":"2026-01-16T09:23:38","modified_gmt":"2026-01-16T08:23:38","slug":"politica-privacidad","status":"publish","type":"page","link":"https:\/\/donodare.com\/index.php\/politica-privacidad\/","title":{"rendered":"Pol\u00edtica privacidad"},"content":{"rendered":"\t\t<div data-elementor-type=\"wp-page\" data-elementor-id=\"7608\" class=\"elementor elementor-7608\" data-elementor-post-type=\"page\">\n\t\t\t\t\t\t<section data-particle_enable=\"false\" data-particle-mobile-disabled=\"false\" class=\"elementor-section elementor-top-section elementor-element elementor-element-66782aa elementor-section-content-middle home-trending elementor-section-boxed elementor-section-height-default elementor-section-height-default\" data-id=\"66782aa\" data-element_type=\"section\" data-e-type=\"section\" data-settings=\"{&quot;background_background&quot;:&quot;classic&quot;}\">\r\n\t\t\r\n\t\t\t\t\t\t\t<div class=\"elementor-container elementor-column-gap-default\">\r\n\t\t\t\t\t\t\t\t\t\t\t<div class=\"elementor-column elementor-col-100 elementor-top-column elementor-element elementor-element-3b7ef08\" data-id=\"3b7ef08\" data-element_type=\"column\" data-e-type=\"column\">\r\n\t\t\t\t\t<div class=\"elementor-widget-wrap elementor-element-populated\">\r\n\t\t\t\t\t\t\t\t<div class=\"elementor-element elementor-element-ca54495 elementor-widget elementor-widget-porto_ultimate_heading\" data-id=\"ca54495\" data-element_type=\"widget\" data-e-type=\"widget\" data-widget_type=\"porto_ultimate_heading.default\">\n\t\t\t\t<div class=\"elementor-widget-container\">\n\t\t\t\t\t<div class=\"porto-u-heading  porto-u-bd11424de395366805213f3c847c9ae4\"><div class=\"porto-u-main-heading\"><h2   >Pol\u00edtica de privacidad<\/h2><\/div><style>.porto-u-bd11424de395366805213f3c847c9ae4.porto-u-heading{text-align:center}<\/style><\/div>\t\t\t\t<\/div>\n\t\t\t\t<\/div>\n\t\t\t\t\t<\/div>\r\n\t\t\t\t<\/div>\r\n\t\t\t\t\t<\/div>\r\n\t\t\t\t<\/section>\r\n\t\t\t\t<section data-particle_enable=\"false\" data-particle-mobile-disabled=\"false\" class=\"elementor-section elementor-top-section elementor-element elementor-element-421b05b elementor-section-content-middle home-trending elementor-section-boxed elementor-section-height-default elementor-section-height-default\" data-id=\"421b05b\" data-element_type=\"section\" data-e-type=\"section\" data-settings=\"{&quot;background_background&quot;:&quot;classic&quot;}\">\r\n\t\t\r\n\t\t\t\t\t\t\t<div class=\"elementor-container elementor-column-gap-default\">\r\n\t\t\t\t\t\t\t\t\t\t\t<div class=\"elementor-column elementor-col-100 elementor-top-column elementor-element elementor-element-e161289\" data-id=\"e161289\" data-element_type=\"column\" data-e-type=\"column\">\r\n\t\t\t\t\t<div class=\"elementor-widget-wrap elementor-element-populated\">\r\n\t\t\t\t\t\t\t\t<div class=\"elementor-element elementor-element-6d3ec36 elementor-widget elementor-widget-text-editor\" data-id=\"6d3ec36\" data-element_type=\"widget\" data-e-type=\"widget\" data-widget_type=\"text-editor.default\">\n\t\t\t\t<div class=\"elementor-widget-container\">\n\t\t\t\t\t\t\t\t\t<p style=\"margin-bottom: 30px; line-height: 1.4; font-size: 10pt; color: #555555; font-family: Lato, sans-serif; font-weight: 400; letter-spacing: normal;\">A trav\u00e9s de este sitio Web no se recaban datos de car\u00e1cter personal de los usuarios sin su conocimiento, ni se ceden a terceros.<\/p><p style=\"line-height: 1.5; margin-bottom: 20px; text-transform: uppercase; font-style: normal; font-variant-ligatures: normal; font-variant-caps: normal; letter-spacing: 1px; font-weight: bold; font-size: 20px; font-family: Raleway, sans-serif; color: #333333;\"><strong>Informaci\u00f3n b\u00e1sica sobre Protecci\u00f3n de Datos<\/strong><\/p><p style=\"margin-bottom: 30px; line-height: 1.4; font-size: 10pt; color: #555555; font-family: Lato, sans-serif; font-weight: 400; letter-spacing: normal;\">En la presente Pol\u00edtica de Privacidad se facilita la informaci\u00f3n adicional y detallada sobre el uso que realizar\u00e1 DONO DARE de sus datos personales en su condici\u00f3n de Usuario de la Web.<\/p><p style=\"font-family: Raleway, sans-serif; font-weight: bold; line-height: 1.5; color: #333333; margin-bottom: 20px; font-size: 20px; text-transform: uppercase; letter-spacing: 1px; font-style: normal; font-variant-ligatures: normal; font-variant-caps: normal;\"><strong>1.RESPONSABLE DEL TRATAMIENTO<\/strong><\/p><p style=\"margin-bottom: 30px; line-height: 1.4; font-size: 10pt; color: #555555; font-family: Lato, sans-serif; font-weight: 400; letter-spacing: normal;\"><b>\u00bfQui\u00e9n es el responsable del tratamiento de sus datos personales?<\/b><br \/>Venta de Soportes Publicitarios, S.L.<br \/>Plataforma Log\u00edstica Plaza, C\/ Tarento n.\u00ba 18 \u2013 Zaragoza,<br \/>976 328 243<br \/>donodare@donodare.com<\/p><p style=\"font-family: Raleway, sans-serif; font-weight: bold; line-height: 1.5; color: #333333; margin-bottom: 20px; font-size: 20px; text-transform: uppercase; letter-spacing: 1px; font-style: normal; font-variant-ligatures: normal; font-variant-caps: normal;\"><strong>2. FINALIDAD DEL TRATAMIENTO<\/strong><\/p><p style=\"margin-bottom: 30px; line-height: 1.4; font-size: 10pt; color: #555555; font-family: Lato, sans-serif; font-weight: 400; letter-spacing: normal;\"><b>\u00bfCon qu\u00e9 finalidad tratamos sus datos personales?<\/b><br \/>DONO DARE, como responsable del tratamiento y con motivo de dar cumplimiento al Reglamento (UE) 2016\/679, le informa de que todos los datos que nos facilite ser\u00e1n tratados de forma confidencial con las finalidades que corresponden a cada una de las actividades de tratamiento que lleva a cabo la Entidad, en concreto:<br \/>-Atender sus consultas y solicitudes.<br \/>-Prestarle el servicio solicitado,<br \/>-Facturar los servicios contratados y realizar las labores propias de esta Entidad, especialmente a efectos fiscales y contables.<br \/>-Publicidad y prospecci\u00f3n comercial \u00fanicamente en el sentido de enviar a los clientes que lo autorizan informaci\u00f3n sobre los servicios de DONO DARE que pudieran ser de su inter\u00e9s.<\/p><p style=\"margin-bottom: 30px; line-height: 1.4; font-size: 10pt; color: #555555; font-family: Lato, sans-serif; font-weight: 400; letter-spacing: normal;\"><b>\u00bfDurante cu\u00e1nto tiempo conservaremos sus datos?<\/b><br \/>Los datos objeto de los tratamientos que DONO DARE efect\u00faa se conservar\u00e1n durante el tiempo necesario para cumplir con la finalidad para la que se recabaron y para determinar las posibles responsabilidades que se pudieran derivar de dicha finalidad. Adem\u00e1s, en todo caso ser\u00e1n de aplicaci\u00f3n los periodos de conservaci\u00f3n y prescripci\u00f3n establecidos en la normativa tributaria, contable y mercantil y se conservaran por el tiempo necesario para cumplir obligaciones legales.<\/p><p style=\"font-family: Raleway, sans-serif; font-weight: bold; line-height: 1.5; color: #333333; margin-bottom: 20px; font-size: 20px; text-transform: uppercase; letter-spacing: 1px; font-style: normal; font-variant-ligatures: normal; font-variant-caps: normal;\"><strong>3. PROCEDENCIA<\/strong><\/p><p style=\"margin-bottom: 30px; line-height: 1.4; font-size: 10pt; color: #555555; font-family: Lato, sans-serif; font-weight: 400; letter-spacing: normal;\"><b>C\u00f3mo hemos obtenido sus datos personales?<\/b><br \/>Los datos personales que tratamos proceden directamente del propio interesado.<\/p><p style=\"font-family: Raleway, sans-serif; font-weight: bold; line-height: 1.5; color: #333333; margin-bottom: 20px; font-size: 20px; text-transform: uppercase; letter-spacing: 1px; font-style: normal; font-variant-ligatures: normal; font-variant-caps: normal;\"><strong>4. LEGITIMACI\u00d3N DEL TRATAMIENTO<\/strong><\/p><p style=\"margin-bottom: 30px; line-height: 1.4; font-size: 10pt; color: #555555; font-family: Lato, sans-serif; font-weight: 400; letter-spacing: normal;\"><b>\u00bfCu\u00e1l es la legitimaci\u00f3n de DONO DARE para llevar a cabo el tratamiento de sus datos?<\/b>\u00a0El tratamiento de sus datos personales se realiza en base a:<br \/>&#8211; La ejecuci\u00f3n de la relaci\u00f3n contractual que Ud. mantiene con DONO DARE ya sea a trav\u00e9s de un contrato (mercantil o laboral).<br \/>&#8211; El consentimiento que Ud. como interesado nos ha otorgado a trav\u00e9s de una clara acci\u00f3n afirmativa para enviar informaci\u00f3n de inter\u00e9s a trav\u00e9s de medios electr\u00f3nicos acerca de nuestros servicios y cat\u00e1logo de productos.<br \/>&#8211; El cumplimiento de obligaciones legales a las que DONO DARE pueda estar sometida debido a su naturaleza y tipo de actividad.<\/p><p style=\"margin-bottom: 30px; line-height: 1.4; font-size: 10pt; color: #555555; font-family: Lato, sans-serif; font-weight: 400; letter-spacing: normal;\"><b>\u00bfQu\u00e9 ocurre si no nos facilita sus datos?<\/b><br \/>La cumplimentaci\u00f3n de cada uno de los campos que aparecen en los formularios habilitados en el sitio Web marcados con un asterisco (*) es obligatoria para poder atender su consulta. En caso de no suministrar los datos solicitados en los mismos, no podremos gestionar debidamente su solicitud.<\/p><p style=\"margin-bottom: 30px; line-height: 1.4; font-size: 10pt; color: #555555; font-family: Lato, sans-serif; font-weight: 400; letter-spacing: normal;\"><b>\u00bfA qu\u00e9 destinatarios se comunicar\u00e1n sus datos personales?<\/b><br \/>Con car\u00e1cter general, DONO DARE no ceder\u00e1 sus datos a terceros, salvo que exista una obligaci\u00f3n legal que lo ampare o que medie el consentimiento del interesado. No obstante, en algunos casos, la empresa puede ceder datos a talleres externos de personalizaci\u00f3n de productos en virtud del contrato suscrito y poderle brindar una correcta prestaci\u00f3n de servicio.<br \/>Asimismo, se puede generar transferencias internacionales de datos a pa\u00edses Asi\u00e1ticos, donde se encuentran los colaboradores de la empresa, siempre cumpliendo las directrices en materia de protecci\u00f3n de datos y las cl\u00e1usulas del contrato suscrito entre ambas partes.<\/p><p style=\"font-family: Raleway, sans-serif; font-weight: bold; line-height: 1.5; color: #333333; margin-bottom: 20px; font-size: 20px; text-transform: uppercase; letter-spacing: 1px; font-style: normal; font-variant-ligatures: normal; font-variant-caps: normal;\"><strong>5. DERECHOS<\/strong><\/p><p style=\"margin-bottom: 30px; line-height: 1.4; font-size: 10pt; color: #555555; font-family: Lato, sans-serif; font-weight: 400; letter-spacing: normal;\"><b>Ejercicio de los derechos:<\/b><br \/>Los afectados, como titulares de sus datos, pueden ejercitar ante DONO DARE, los derechos de acceso, rectificaci\u00f3n, supresi\u00f3n, oposici\u00f3n y limitaci\u00f3n al tratamiento de estos.<\/p><p style=\"margin-bottom: 30px; line-height: 1.4; font-size: 10pt; color: #555555; font-family: Lato, sans-serif; font-weight: 400; letter-spacing: normal;\"><b>\u2022 Derecho de acceso:\u00a0<\/b>El afectado tendr\u00e1 derecho a ser informado sobre los fines del tratamiento, categor\u00edas de datos personales que se traten y posibles comunicaciones de datos y sus destinatarios, del plazo de conservaci\u00f3n de los datos, del derecho a solicitar la rectificaci\u00f3n o supresi\u00f3n de los datos, la limitaci\u00f3n al tratamiento, y oponerse al mismo, del derecho a presentar una reclamaci\u00f3n ante la Agencia Espa\u00f1ola de Protecci\u00f3n de Datos, de las garant\u00edas adecuadas para la realizaci\u00f3n de transferencias internacionales.<\/p><p style=\"margin-bottom: 30px; line-height: 1.4; font-size: 10pt; color: #555555; font-family: Lato, sans-serif; font-weight: 400; letter-spacing: normal;\"><b>\u2022 Derecho de rectificaci\u00f3n:\u00a0<\/b>El afectado tendr\u00e1 derecho a rectificar los datos inexactos, y a que se completen los datos personales incompletos, inclusive mediante una declaraci\u00f3n adicional.<\/p><p style=\"margin-bottom: 30px; line-height: 1.4; font-size: 10pt; color: #555555; font-family: Lato, sans-serif; font-weight: 400; letter-spacing: normal;\"><b>\u2022 Derecho de supresi\u00f3n:\u00a0<\/b>El afectado podr\u00e1 solicitar la supresi\u00f3n de los datos personales siempre que concurra alguno de los supuestos contemplados por la normativa.<\/p><p style=\"margin-bottom: 30px; line-height: 1.4; font-size: 10pt; color: #555555; font-family: Lato, sans-serif; font-weight: 400; letter-spacing: normal;\"><b>\u2022 Derecho a la limitaci\u00f3n del tratamiento:\u00a0<\/b>El afectado tendr\u00e1 derecho a solicitarle al Ayuntamiento que suspenda el tratamiento de sus datos cuando se impugne la exactitud de los mismos o si ha ejercitado el derecho de oposici\u00f3n al tratamiento, mientras se verifica si los motivos leg\u00edtimos del Ayuntamiento prevalecen sobre el afectado. Tambi\u00e9n tendr\u00e1 derecho a solicitarle al Ayuntamiento que conserve los datos personales cuando el tratamiento sea l\u00edcito pero el afectado se oponga a la supresi\u00f3n de sus datos y solicite en su lugar la limitaci\u00f3n de su uso o cuando el Ayuntamiento ya no necesite esos datos, pero el afectado los necesita para la formulaci\u00f3n, ejercicio o defensa de reclamaciones.<\/p><p style=\"margin-bottom: 30px; line-height: 1.4; font-size: 10pt; color: #555555; font-family: Lato, sans-serif; font-weight: 400; letter-spacing: normal;\"><b>\u2022 Derecho de oposici\u00f3n:<\/b><br \/>El afectado puede oponerse al tratamiento cuando por motivos relacionados con su situaci\u00f3n personal, deba cesar el tratamiento de esos datos salvo que se acredite que existe un inter\u00e9s leg\u00edtimo, o sea necesario para el ejercicio o defensa de reclamaciones.<br \/>Para el ejercicio de estos derechos, los titulares de los datos pueden dirigirse a Venta de Soportes Publicitarios S.L.U , con domicilio Plataforma Log\u00edstica PlaZa C\/ Tarento, naves 17-18, 50197, Zaragoza. Tel\u00e9fono 976 328 243 y correo electr\u00f3nico donodare@donodare.com<\/p><p style=\"font-family: Raleway, sans-serif; font-weight: bold; line-height: 1.5; color: #333333; margin-bottom: 20px; font-size: 20px; text-transform: uppercase; letter-spacing: 1px; font-style: normal; font-variant-ligatures: normal; font-variant-caps: normal;\"><strong>6. RECLAMACI\u00d3N ANTE LA AUTORIDAD COMPETENTE<\/strong><\/p><p style=\"margin-bottom: 30px; line-height: 1.4; font-size: 10pt; color: #555555; font-family: Lato, sans-serif; font-weight: 400; letter-spacing: normal;\">Podr\u00e1 presentar reclamaci\u00f3n ante la Autoridad de Control en materia de Protecci\u00f3n de Datos competente, especialmente cuando no haya obtenido satisfacci\u00f3n en el ejercicio de sus derechos, mediante escrito dirigido a la Agencia Espa\u00f1ola de Protecci\u00f3n de Datos: C\/ Jorge Juan, 6, 28001 Madrid.<\/p>\t\t\t\t\t\t\t\t<\/div>\n\t\t\t\t<\/div>\n\t\t\t\t\t<\/div>\r\n\t\t\t\t<\/div>\r\n\t\t\t\t\t<\/div>\r\n\t\t\t\t<\/section>\r\n\t\t\t\t<\/div>\n\t\t","protected":false},"excerpt":{"rendered":"<p>Pol\u00edtica de privacidad A trav\u00e9s de este sitio Web no se recaban datos de car\u00e1cter personal de los usuarios sin su conocimiento, ni se ceden a terceros. Informaci\u00f3n b\u00e1sica sobre Protecci\u00f3n de Datos En la presente Pol\u00edtica de Privacidad se facilita la informaci\u00f3n adicional y detallada sobre el uso que realizar\u00e1 DONO DARE de sus [&hellip;]<\/p>\n","protected":false},"author":2,"featured_media":0,"parent":0,"menu_order":0,"comment_status":"open","ping_status":"closed","template":"elementor_header_footer","meta":{"footnotes":""},"class_list":["post-7608","page","type-page","status-publish","hentry"],"_links":{"self":[{"href":"https:\/\/donodare.com\/index.php\/wp-json\/wp\/v2\/pages\/7608","targetHints":{"allow":["GET"]}}],"collection":[{"href":"https:\/\/donodare.com\/index.php\/wp-json\/wp\/v2\/pages"}],"about":[{"href":"https:\/\/donodare.com\/index.php\/wp-json\/wp\/v2\/types\/page"}],"author":[{"embeddable":true,"href":"https:\/\/donodare.com\/index.php\/wp-json\/wp\/v2\/users\/2"}],"replies":[{"embeddable":true,"href":"https:\/\/donodare.com\/index.php\/wp-json\/wp\/v2\/comments?post=7608"}],"version-history":[{"count":8,"href":"https:\/\/donodare.com\/index.php\/wp-json\/wp\/v2\/pages\/7608\/revisions"}],"predecessor-version":[{"id":9623,"href":"https:\/\/donodare.com\/index.php\/wp-json\/wp\/v2\/pages\/7608\/revisions\/9623"}],"wp:attachment":[{"href":"https:\/\/donodare.com\/index.php\/wp-json\/wp\/v2\/media?parent=7608"}],"curies":[{"name":"wp","href":"https:\/\/api.w.org\/{rel}","templated":true}]}}